4776?
20663
In base 7, what is 5 - -6134410124?
6134410132
In base 4, what is 111 - 203030113?
-203030002
In base 10, what is 9 - 19968887?
-19968878
In base 14, what is -4426007 - -12?
-4425dd5
In base 15, what is -413c76 + 2?
-413c74
In base 10, what is -186784 - -208?
-186576
In base 12, what is 7b4 - -29258?
29a50
In base 4, what is 121111001230132 - -11?
121111001230203
In base 10, what is -4 - -410516?
410512
In base 15, what is 4 + a61ddc?
a61de1
In base 13, what is 231 + cc32?
10163
In base 10, what is -3 + -60366422?
-60366425
In base 5, what is -13421332241 + 10?
-13421332231
In base 8, what is -466 + 401356?
400670
In base 15, what is -122e43 - 3a?
-122e7d
In base 16, what is -51 - 891e3?
-89234
In base 13, what is 9943532 - -4?
9943536
In base 14, what is 13a5 + -53b?
c68
In base 4, what is -1 + -10130013030?
-10130013031
In base 4, what is 33322033022 - 10?
33322033012
In base 13, what is 2351169 + 11?
235117a
In base 3, what is -12 - -121201211222?
121201211210
In base 6, what is 5345 - 43501?
-34112
In base 15, what is -58c - 52b?
-ab8
In base 11, what is -3 - 4554268?
-4554270
In base 16, what is -c73b437 - 5?
-c73b43c
In base 13, what is 3c8c70 + 64?
3c9004
In base 16, what is f58ea63 - -3?
f58ea66
In base 14, what is 18dd26c - c?
18dd260
In base 4, what is 2102121132 + -20223?
2102100303
In base 7, what is -115203323 + -3?
-115203326
In base 3, what is 21210222 + 101011?
22012010
In base 7, what is 1142 + 5644320?
5645462
In base 5, what is -10102300134321 + 0?
-10102300134321
In base 4, what is 0 - 12220122311111?
-12220122311111
In base 7, what is 15633 - -65562?
114525
In base 5, what is 3 + -1303301203?
-1303301200
In base 3, what is 111012110002021 + -1220?
111012110000101
In base 10, what is -5044246 - -7?
-5044239
In base 2, what is -11000010101010100000010 + 110?
-11000010101010011111100
In base 16, what is -a6692 - 9?
-a669b
In base 4, what is 30 - 1300032130?
-1300032100
In base 6, what is 5523325151 + -15?
5523325132
In base 14, what is 2da - -85dc?
88d8
In base 13, what is -13437977 + 4?
-13437973
In base 7, what is 621460321 - 16?
621460302
In base 15, what is 7 - -21b87?
21b8e
In base 4, what is -22330300 + -210203?
-23201103
In base 2, what is 11100100110100011 + 1000?
11100100110101011
In base 5, what is -102 - 4241022?
-4241124
In base 12, what is 28 + 104b618?
104b644
In base 9, what is -3751862 - 214?
-3752176
In base 7, what is -30305603 - -5?
-30305565
In base 8, what is -57603 + -14124?
-73727
In base 13, what is -58b + 6911?
6353
In base 2, what is 1100001010101001001011 - -111001?
1100001010101010000100
In base 15, what is 5 - -67c0066?
67c006b
In base 15, what is 4 + 4c4052?
4c4056
In base 4, what is 3110101302032 + 2?
3110101302100
In base 8, what is 2 - 5461715?
-5461713
In base 3, what is -11120000 - -2100102222?
2011212222
In base 12, what is -2152696 - b?
-21526a5
In base 13, what is -21b - a29c2b?
-a2a149
In base 15, what is -67c5 + -8ab?
-7181
In base 10, what is 77548968 - 5?
77548963
In base 11, what is 6956a4 - -1?
6956a5
In base 7, what is -23522 - 30236?
-54061
In base 5, what is -224 + -4032241?
-4033020
In base 7, what is -1064 + -11402414?
-11403511
In base 14, what is -31c - -a43a6?
a4088
In base 3, what is -2201001 + -200110?
-10101111
In base 2, what is 10 - -10101000100000011011?
10101000100000011101
In base 6, what is -32020355434 + 4?
-32020355430
In base 12, what is 3 + 16196a84?
16196a87
In base 8, what is 1605531 + 6?
1605537
In base 8, what is 5243401 + 42?
5243443
In base 16, what is 2cec6 - -39?
2ceff
In base 6, what is 23445150321 - 4?
23445150313
In base 15, what is 258551 - 13?
25853d
In base 6, what is 11044510 + -2110?
11042400
In base 8, what is 1 + 23253366?
23253367
In base 10, what is 1297 - -27212?
28509
In base 10, what is -67832 + 150?
-67682
In base 3, what is 11210012 + -1021001112?
-1002021100
In base 5, what is 23041030 + 0?
23041030
In base 14, what is -2 + 571666?
571664
In base 5, what is -4 + 143111100332?
143111100323
In base 7, what is 121530 - -161440?
313300
In base 5, what is -3 - -10034414321?
10034414313
In base 16, what is 2153 - 1e9?
1f6a
In base 3, what is -220011000210101202 - 1?
-220011000210101210
In base 13, what is 211982 - -27?
2119a9
In base 5, what is -4432 - -14003134?
13443202
In base 15, what is 66 + d5a57a?
d5a5e1
In base 16, what is 267cf - -25?
267f4
In base 15, what is -434 - 1001c?
-10451
In base 7, what is -5 + 3263533413?
3263533405
In base 11, what is 195130273 + -2?
195130271
In base 12, what is -3 - 50b29310?
-50b29313
In base 3, what is 110001211121210110 + 0?
110001211121210110
In base 15, what is -7b4e + 1a68?
-60d6
In base 8, what is -73653 - -550?
-73103
In base 8, what is 3 - 10534407?
-10534404
In base 9, what is -174763 + -36?
-174810
In base 14, what is ad6bd - -9?
ad6c8
In base 7, what is 4 + 23460115?
23460122
In base 8, what is -1013474200 - -4?
-1013474174
In base 15, what is -d + -349c4c?
-349c5a
In base 15, what is -1c7c + -2da5?
-4b32
In base 2, what is 101001011111000 + 110111110111?
110000011101111
In base 11, what is -94 + -19117?
-19200
In base 16, what is -1 - -3e62a3?
3e62a2
In base 15, what is -29b6 + -e9?
-2ab0
In base 3, what is -11 - -212221111000111?
212221111000100
In base 13, what is a22275 + -5?
a22270
In base 3, what is -2100112212 + -122120?
-2101012102
In base 9, what is -18 - 2004735?
-2004754
In base 13, what is 4887c8 + 2?
4887ca
In base 2, what is 100111001111011 + 1011110011001?
110011000010100
In base 7, what is 1554303 + 551?
1555154
In base 7, what is 316544261 - 4?
316544254
In base 6, what is -50015 + -145330?
-235345
In base 14, what is 959c67 - 5?
959c62
In base 15, what is 76 - 78114?
-7808d
In base 9, what is -480 + 544138?
543548
In base 9, what is -18144386 - 55?
-18144452
In base 2, what is -11101100101001001111001100 + 10?
-11101100101001001111001010
In base 12, what is 1715 + -345a4?
-32a8b
In base 13, what is -37c4257 + 0?
-37c4257
In base 16, what is 6 - -22427c3?
22427c9
In base 12, what is 1 + -508203bb?
-508203ba
In base 13, what is 1 - 13172b?
-13172a
In base 8, what is 27110226 + 4?
27110232
In base 7, what is -15 - 232604660?
-232605005
In base 12, what is 1b4 + 44a1?
4695
In base 3, what is -220000 + 10221100?
10001100
In base 13, what is -237 + 21702?
21498
In base 9, what is 5020305 - 5?
5020300
In base 11, what is -57232 + 90a?
-56423
In base 9, what is 61 + 148886?
150057
In base 3, what is -12 - -21212100120100?
21212100120011
In base 4, what is 1331013010 - -2333?
1331022003
In base 13, what is 50a696c - -1?
50a6970
In base 4, what is -1 - -3100120202?
3100120201
In base 15, what is -62 - -164b0?
1644d
In base 4, what is 10021001301313 + 10?
10021001301323
In base 8, what is 362065 + 135?
362222
In base 16, what is 2a6 - -1f0e4?
1f38a
In base 8, what is -5 - 6415134?
-6415141
In base 10, what is 5 - -3826313?
3826318
In base 7, what is -102 + 41461523?
41461421
In base 2, what is -10010 + -100111001100000011000011001?
-100111001100000011000101011
In base 3, what is -221112200110 - -202?
-221112122201
In base 6, what is 4 + 24525544?
24525552
In base 10, what is -65217 - 268?
-65485
In base 3, what is -11 + 1110122220221?
1110122220210
In base 8, what is -2 - 2543102?
-2543104
In base 3, what is 0 + -112010112112021?
-112010112112021
In base 5, what is -10 - -3024031003?
3024030443
In base 10, what is 2511452 + -6?
2511446
In base 15, what is 691b0e + 3?
691b12
In base 2, what is -110100011110000110110 - -11?
-110100011110000110011
In base 12, what is -1 + -1125151a?
-1125151b
In base 14, what is -2 - -d64c75?
d64c73
In base 14, what is 12a9b + -14a9?
115d2
In base 2, what is 1100000 + -100000010000100010111?
-100000010000010110111
In base 14, what is -3d7838 - -c5?
-3d7753
In base 8, what is 6006 + -550?
5236
In base 11, what is -12a86a60 - -a?
-12a86a51
In base 15, what is 42e + -3d54?
-3925
In base 8, what is 2 - -16500425?
16500427
In base 15, what is -1 + 91e93?
91e92
In base 12, what is 19a319 - 7?
19a312
In base 6, what is -513 + -513305?
-514222
In base 13, what is -3 - -5a4abc?
5a4ab9
In base 12, what is 356ba7 - -16?
357001
In base 6, what is -5515 + -350442?
-400401
In base 11, what is 1262 - -4679?
5930
In base 6, what is -3 + 4101555?
4101552